ors of 1204941.
3, 71, 5657
What are the prime factors of 13043240?
2, 5, 7, 37, 1259
What are the prime factors of 500983?
7, 71569
What are the prime factors of 15508930?
2, 5, 17, 91229
What are the prime factors of 7573355?
5, 1514671
List the prime factors of 114838.
2, 67, 857
What are the prime factors of 4505244?
2, 3, 41, 9157
What are the prime factors of 5525957?
23, 240259
List the prime factors of 3326551.
1597, 2083
What are the prime factors of 221365?
5, 44273
What are the prime factors of 697240?
2, 5, 17431
What are the prime factors of 1126552?
2, 7, 20117
What are the prime factors of 3370041?
3, 31, 47, 257
What are the prime factors of 863817?
3, 287939
What are the prime factors of 10769368?
2, 37, 36383
List the prime factors of 1041635.
5, 7, 29761
What are the prime factors of 3025071?
3, 7, 48017
What are the prime factors of 1544937?
3, 47, 10957
What are the prime factors of 144463?
11, 23, 571
What are the prime factors of 806051?
806051
What are the prime factors of 9635129?
7, 1376447
What are the prime factors of 16067?
16067
List the prime factors of 141571.
67, 2113
List the prime factors of 58957.
19, 29, 107
What are the prime factors of 1767623?
11, 13, 47, 263
What are the prime factors of 8031627?
3, 37, 89, 271
What are the prime factors of 406941?
3, 135647
What are the prime factors of 132432?
2, 3, 31, 89
What are the prime factors of 7954993?
7954993
What are the prime factors of 982390?
2, 5, 31, 3169
What are the prime factors of 206496?
2, 3, 239
List the prime factors of 357268.
2, 89317
List the prime factors of 5034294.
2, 3, 37, 7559
What are the prime factors of 109298?
2, 7, 37, 211
What are the prime factors of 7427238?
2, 3, 7, 13, 61, 223
List the prime factors of 597906.
2, 3, 59, 563
List the prime factors of 157614.
2, 3, 109, 241
What are the prime factors of 2148645?
3, 5, 143243
List the prime factors of 516311.
521, 991
List the prime factors of 611895.
3, 5, 19, 113
List the prime factors of 20291684.
2, 7, 103529
What are the prime factors of 3618317?
3618317
What are the prime factors of 104671?
7, 19, 787
List the prime factors of 548594.
2, 43, 6379
What are the prime factors of 308608?
2, 2411
What are the prime factors of 2791360?
2, 5, 11, 13, 61
List the prime factors of 210408.
2, 3, 11, 797
List the prime factors of 2022159.
3, 97, 6949
What are the prime factors of 15510200?
2, 5, 77551
What are the prime factors of 4940966?
2, 31, 79693
List the prime factors of 780109.
11, 70919
What are the prime factors of 23043041?
7, 17, 83, 2333
List the prime factors of 508822.
2, 47, 5413
List the prime factors of 6558816.
2, 3, 11, 6211
List the prime factors of 2714271.
3, 7, 17, 7603
List the prime factors of 83424.
2, 3, 11, 79
What are the prime factors of 319896?
2, 3, 1481
What are the prime factors of 283233?
3, 19, 4969
List the prime factors of 1786213.
11, 13, 12491
What are the prime factors of 3940220?
2, 5, 19, 10369
What are the prime factors of 83464?
2, 10433
What are the prime factors of 6499365?
3, 5, 433291
List the prime factors of 16036.
2, 19, 211
What are the prime factors of 760777?
199, 3823
List the prime factors of 243268.
2, 61, 997
List the prime factors of 81377.
19, 4283
List the prime factors of 726470.
2, 5, 72647
What are the prime factors of 905503?
227, 3989
What are the prime factors of 30295323?
3, 67, 16747
List the prime factors of 522203.
11, 29, 1637
What are the prime factors of 6832527?
3, 13, 41, 4273
What are the prime factors of 2870390?
2, 5, 239, 1201
List the prime factors of 6568754.
2, 23, 142799
List the prime factors of 13184301.
3, 13, 83, 4073
What are the prime factors of 1092373?
1092373
What are the prime factors of 156971?
156971
List the prime factors of 22113340.
2, 5, 19, 58193
What are the prime factors of 5059602?
2, 3, 37, 71, 107
List the prime factors of 12922730.
2, 5, 239, 5407
What are the prime factors of 207981?
3, 7703
List the prime factors of 5604777.
3, 401, 1553
What are the prime factors of 14352746?
2, 1039, 6907
What are the prime factors of 2839123?
7, 61, 109
What are the prime factors of 4457800?
2, 5, 31, 719
List the prime factors of 13595711.
101, 227, 593
What are the prime factors of 16587104?
2, 17, 30491
What are the prime factors of 44137?
19, 23, 101
List the prime factors of 396423.
3, 17, 2591
List the prime factors of 908439.
3, 7, 181, 239
List the prime factors of 1509244.
2, 11, 34301
List the prime factors of 1839211.
11, 61, 2741
What are the prime factors of 1552061?
7, 221723
What are the prime factors of 22739370?
2, 3, 5, 17, 44587
List the prime factors of 13683885.
3, 5, 337, 2707
What are the prime factors of 4174370?
2, 5, 417437
What are the prime factors of 212476?
2, 11, 439
List the prime factors of 38123525.
5, 11, 157, 883
List the prime factors of 2557254.
2, 3, 7, 60887
What are the prime factors of 1408512?
2, 3, 7, 131
What are the prime factors of 135390?
2, 3, 5, 4513
List the prime factors of 68887.
7, 13, 757
List the prime factors of 171381.
3, 7, 8161
What are the prime factors of 149206?
2, 61, 1223
What are the prime factors of 317705?
5, 63541
What are the prime factors of 903674?
2, 451837
What are the prime factors of 2566841?
109, 23549
List the prime factors of 253702.
2, 126851
List the prime factors of 26300250.
2, 3, 5, 11689
List the prime factors of 973453.
13, 103, 727
What are the prime factors of 827733?
3, 275911
What are the prime factors of 759833?
759833
What are the prime factors of 16226933?
2393, 6781
What are the prime factors of 18355956?
2, 3, 29, 52747
List the prime factors of 157422.
2, 3, 26237
List the prime factors of 779401.
7, 23, 47, 103
List the prime factors of 17600443.
7, 1181, 2129
What are the prime factors of 235338?
2, 3, 61, 643
List the prime factors of 45742.
2, 22871
What are the prime factors of 1981263?
3, 19, 34759
List the prime factors of 331181.
67, 4943
What are the prime factors of 2577354?
2, 3, 13, 173, 191
List the prime factors of 15220731.
3, 863, 5879
List the prime factors of 5415590.
2, 5, 337, 1607
What are the prime factors of 1014877?
1014877
What are the prime factors of 226419?
3, 71, 1063
What are the prime factors of 145824?
2, 3, 7, 31
What are the prime factors of 333687?
3, 111229
What are the prime factors of 8280516?
2, 3, 107, 6449
What are the prime factors of 2351343?
3, 783781
List the prime factors of 186116.
2, 7, 17, 23
What are the prime factors of 2626861?
2626861
List the prime factors of 8439344.
2, 17, 19, 23, 71
List the prime factors of 929943.
3, 7, 29, 509
List the prime factors of 293977.
149, 1973
What are the prime factors of 2762513?
13, 212501
What are the prime factors of 3895576?
2, 486947
What are the prime factors of 30235232?
2, 19, 223
What are the prime factors of 2266493?
2266493
What are the prime factors of 1875061?
1875061
List the prime factors of 17874201.
3, 5958067
What are the prime factors of 7244430?
2, 3, 5, 113, 2137
List the prime factors of 10299059.
17, 43, 73, 193
What are the prime factors of 11643149?
7, 131, 12697
List the prime factors of 1223359.
593, 2063
What are the prime factors of 3862926?
2, 3, 214607
List the prime factors of 509895.
3, 5, 1259
List the prime factors of 1143762.
2, 3, 19, 79, 127
What are the prime factors of 140663?
140663
List the prime factors of 373279.
53, 7043
What are the prime factors of 31348341?
3, 463, 7523
What are the prime factors of 5437463?
5437463
List the prime factors of 1241532.
2, 3, 34487
What are the prime factors of 528555?
3, 5, 167, 211
List the prime factors of 1130248.
2, 7, 20183
What are the prime factors of 9697827?
3, 587, 5507
List the prime factors of 922421.
137, 6733
List the prime factors of 110685.
3, 5, 47, 157
List the prime factors of 769287.
3, 149, 1721
List the prime factors of 488120.
2, 5, 12203
What are the prime factors of 213411?
3, 11, 29, 223
List the prime factors of 594807.
3, 331, 599
What are the prime factors of 21265357?
113, 188189
What are the prime factors of 2260?
2, 5, 113
What are the prime factors of 2862550?
2, 5, 57251
List the prime factors of 4291504.
2, 7, 38317
List the prime factors of 94410.
2, 3, 5, 1049
List the prime factors of 2